{"id":234,"date":"2017-12-11T14:14:03","date_gmt":"2017-12-11T16:14:03","guid":{"rendered":"http:\/\/lavandaspa.com.br\/loja\/?post_type=product&#038;p=234"},"modified":"2024-03-02T18:19:11","modified_gmt":"2024-03-02T21:19:11","slug":"revitalizacao-corporal","status":"publish","type":"product","link":"https:\/\/lavandaspa.com.br\/loja\/produto\/revitalizacao-corporal\/","title":{"rendered":"Renova\u00e7\u00e3o Corporal"},"content":{"rendered":"","protected":false},"excerpt":{"rendered":"<p>Uma viv\u00eancia com terapias combinadas para promover a Renova\u00e7\u00e3o das c\u00e9lulas, a Hidrata\u00e7\u00e3o corporal, o Relaxamento e a revitaliza\u00e7\u00e3o.<br \/>\nRealizamos a Gommage Corporal com Ervas, combina\u00e7\u00e3o com ativos esfoliantes, uma sinergia com \u00f3leos essenciais que potencializa a elimina\u00e7\u00e3o de toxinas, preparando a pele para receber os ativos Hidratantes, gerando uma pele renovada e saud\u00e1vel o ritual \u00e9 finalizado com movimentos de amassamentos corporais relaxantes (corpore massage)<\/p>\n<p>Tempo aproximado : 90min<\/p>\n","protected":false},"featured_media":4511,"comment_status":"open","ping_status":"closed","template":"","meta":{"_exactmetrics_skip_tracking":false,"_exactmetrics_sitenote_active":false,"_exactmetrics_sitenote_note":"","_exactmetrics_sitenote_category":0},"product_brand":[],"product_cat":[43,41,665],"product_tag":[201,194,193,192,200],"class_list":{"0":"post-234","1":"product","2":"type-product","3":"status-publish","4":"has-post-thumbnail","6":"product_cat-corporal","7":"product_cat-estetica","8":"product_cat-ritual-individual","9":"product_tag-bronzeamento","10":"product_tag-clareamento-de-manchas","11":"product_tag-esfoliacao-corporal","12":"product_tag-pele","13":"product_tag-pele-ressecada","15":"first","16":"instock","17":"sale","18":"downloadable","19":"virtual","20":"purchasable","21":"product-type-simple"},"_links":{"self":[{"href":"https:\/\/lavandaspa.com.br\/loja\/wp-json\/wp\/v2\/product\/234","targetHints":{"allow":["GET"]}}],"collection":[{"href":"https:\/\/lavandaspa.com.br\/loja\/wp-json\/wp\/v2\/product"}],"about":[{"href":"https:\/\/lavandaspa.com.br\/loja\/wp-json\/wp\/v2\/types\/product"}],"replies":[{"embeddable":true,"href":"https:\/\/lavandaspa.com.br\/loja\/wp-json\/wp\/v2\/comments?post=234"}],"wp:featuredmedia":[{"embeddable":true,"href":"https:\/\/lavandaspa.com.br\/loja\/wp-json\/wp\/v2\/media\/4511"}],"wp:attachment":[{"href":"https:\/\/lavandaspa.com.br\/loja\/wp-json\/wp\/v2\/media?parent=234"}],"wp:term":[{"taxonomy":"product_brand","embeddable":true,"href":"https:\/\/lavandaspa.com.br\/loja\/wp-json\/wp\/v2\/product_brand?post=234"},{"taxonomy":"product_cat","embeddable":true,"href":"https:\/\/lavandaspa.com.br\/loja\/wp-json\/wp\/v2\/product_cat?post=234"},{"taxonomy":"product_tag","embeddable":true,"href":"https:\/\/lavandaspa.com.br\/loja\/wp-json\/wp\/v2\/product_tag?post=234"}],"curies":[{"name":"wp","href":"https:\/\/api.w.org\/{rel}","templated":true}]}}