{"id":4834,"date":"2022-10-21T12:46:06","date_gmt":"2022-10-21T15:46:06","guid":{"rendered":"https:\/\/lavandaspa.com.br\/loja\/?post_type=product&#038;p=4834"},"modified":"2025-09-15T19:31:57","modified_gmt":"2025-09-15T22:31:57","slug":"half-spa","status":"publish","type":"product","link":"https:\/\/lavandaspa.com.br\/loja\/produto\/half-spa\/","title":{"rendered":"Half Spa Uno"},"content":{"rendered":"","protected":false},"excerpt":{"rendered":"<p>Um ritual Half Spa, que inspira e leva voc\u00ea a experi\u00eancia relaxante incr\u00edvel.<\/p>\n<div>\n<p><strong>Uma Viv\u00eancia pensada para exaltar a sua beleza de dentro pra fora, uma experi\u00eancia \u00fanica e terap\u00eautica que vai promover um relaxamento profundo, trabalhando a beleza est\u00e9tica e fazendo um detox em seu corpo, para voc\u00ea sair Revitalizada e renovada.<\/strong><\/p>\n<p>Neste Ritual , vamos combinar as seguintes terapias:<\/p>\n<ul>\n<li>Massagem terap\u00eautica com \u00f3leos ess\u00eancias<\/li>\n<li>Revitaliza\u00e7\u00e3o facial com M\u00e1scara Rejuvenescedora<\/li>\n<li>Escalda p\u00e9s Calmaria<\/li>\n<\/ul>\n<p>-Degusta\u00e7\u00e3o de ch\u00e1s e Nuts<\/p>\n<\/div>\n<p>Tempo: 90 minutos<\/p>\n<p><strong>Venha viver essa nova experi\u00eancia.<\/strong><\/p>\n","protected":false},"featured_media":4852,"comment_status":"open","ping_status":"closed","template":"","meta":{"_exactmetrics_skip_tracking":false,"_exactmetrics_sitenote_active":false,"_exactmetrics_sitenote_note":"","_exactmetrics_sitenote_category":0},"product_brand":[],"product_cat":[42,665],"product_tag":[35,22,30],"class_list":{"0":"post-4834","1":"product","2":"type-product","3":"status-publish","4":"has-post-thumbnail","6":"product_cat-day-spa","7":"product_cat-ritual-individual","8":"product_tag-facial","9":"product_tag-massagem","10":"product_tag-spa-pes","12":"first","13":"instock","14":"sale","15":"downloadable","16":"virtual","17":"purchasable","18":"product-type-simple"},"_links":{"self":[{"href":"https:\/\/lavandaspa.com.br\/loja\/wp-json\/wp\/v2\/product\/4834","targetHints":{"allow":["GET"]}}],"collection":[{"href":"https:\/\/lavandaspa.com.br\/loja\/wp-json\/wp\/v2\/product"}],"about":[{"href":"https:\/\/lavandaspa.com.br\/loja\/wp-json\/wp\/v2\/types\/product"}],"replies":[{"embeddable":true,"href":"https:\/\/lavandaspa.com.br\/loja\/wp-json\/wp\/v2\/comments?post=4834"}],"wp:featuredmedia":[{"embeddable":true,"href":"https:\/\/lavandaspa.com.br\/loja\/wp-json\/wp\/v2\/media\/4852"}],"wp:attachment":[{"href":"https:\/\/lavandaspa.com.br\/loja\/wp-json\/wp\/v2\/media?parent=4834"}],"wp:term":[{"taxonomy":"product_brand","embeddable":true,"href":"https:\/\/lavandaspa.com.br\/loja\/wp-json\/wp\/v2\/product_brand?post=4834"},{"taxonomy":"product_cat","embeddable":true,"href":"https:\/\/lavandaspa.com.br\/loja\/wp-json\/wp\/v2\/product_cat?post=4834"},{"taxonomy":"product_tag","embeddable":true,"href":"https:\/\/lavandaspa.com.br\/loja\/wp-json\/wp\/v2\/product_tag?post=4834"}],"curies":[{"name":"wp","href":"https:\/\/api.w.org\/{rel}","templated":true}]}}