{"id":4971,"date":"2023-07-15T12:59:12","date_gmt":"2023-07-15T15:59:12","guid":{"rendered":"https:\/\/lavandaspa.com.br\/loja\/?post_type=product&#038;p=4971"},"modified":"2026-05-01T18:43:46","modified_gmt":"2026-05-01T21:43:46","slug":"limpeza-de-pele-termal","status":"publish","type":"product","link":"https:\/\/lavandaspa.com.br\/loja\/produto\/limpeza-de-pele-termal\/","title":{"rendered":"Limpeza de Pele Cl\u00e1ssica profissional"},"content":{"rendered":"","protected":false},"excerpt":{"rendered":"<p>A limpeza de pele profissional profunda, segue o protocolo cl\u00e1ssico com etapas consagradas desse procedimento indicados a todos os tipos de pele, realizamos uma avalia\u00e7\u00e3o individualizada para montar o protocolo, que tem o objetivo de remover res\u00edduos, secre\u00e7\u00f5es e impurezas, extrair comed\u00f5es e p\u00fastulas, afinar a camada c\u00f3rnea e melhorar a capacidade de absor\u00e7\u00e3o da pele porque aumenta a oxigena\u00e7\u00e3o dos tecidos.<\/p>\n<p>S\u00e3o realizados nesse procedimento:<\/p>\n<ul>\n<li>Higieniza\u00e7\u00e3o da pele;<\/li>\n<li>Esfolia\u00e7\u00e3o;<\/li>\n<li>Promover emoli\u00eancia e adstring\u00eancia;<\/li>\n<li>Aplica\u00e7\u00e3o Ativos para calmar e tratar a pele espec\u00edficos ao tipo de pele;<\/li>\n<li>Prote\u00e7\u00e3o solar adequado ao fototipo<\/li>\n<li>Extra\u00e7\u00e3o Manual<\/li>\n<\/ul>\n<p>*Para um ciclo de tratamento completo e eficaz,<br \/>\nSugerimos fazer Booster de Hidrata\u00e7\u00e3o ap\u00f3s 10 dias e um retorno a cada 2 meses sendo pele seca e normal, e 1 vez por m\u00eas em peles mistas a oleosas e com cravos.<br \/>\nCondi\u00e7\u00f5es especiais para programas de tratamentos completos<\/p>\n<p>Tempo aproximado: 80 min<\/p>\n","protected":false},"featured_media":4972,"comment_status":"open","ping_status":"closed","template":"","meta":{"_exactmetrics_skip_tracking":false,"_exactmetrics_sitenote_active":false,"_exactmetrics_sitenote_note":"","_exactmetrics_sitenote_category":0},"product_brand":[],"product_cat":[41,20],"product_tag":[229,230,226,227,231,228],"class_list":{"0":"post-4971","1":"product","2":"type-product","3":"status-publish","4":"has-post-thumbnail","6":"product_cat-estetica","7":"product_cat-facial","8":"product_tag-acne","9":"product_tag-espinhas","10":"product_tag-limpeza-de-pele","11":"product_tag-peeling","12":"product_tag-pele-oleosa","13":"product_tag-prevencao-de-espinhas","15":"first","16":"instock","17":"sale","18":"downloadable","19":"virtual","20":"purchasable","21":"product-type-simple"},"_links":{"self":[{"href":"https:\/\/lavandaspa.com.br\/loja\/wp-json\/wp\/v2\/product\/4971","targetHints":{"allow":["GET"]}}],"collection":[{"href":"https:\/\/lavandaspa.com.br\/loja\/wp-json\/wp\/v2\/product"}],"about":[{"href":"https:\/\/lavandaspa.com.br\/loja\/wp-json\/wp\/v2\/types\/product"}],"replies":[{"embeddable":true,"href":"https:\/\/lavandaspa.com.br\/loja\/wp-json\/wp\/v2\/comments?post=4971"}],"wp:featuredmedia":[{"embeddable":true,"href":"https:\/\/lavandaspa.com.br\/loja\/wp-json\/wp\/v2\/media\/4972"}],"wp:attachment":[{"href":"https:\/\/lavandaspa.com.br\/loja\/wp-json\/wp\/v2\/media?parent=4971"}],"wp:term":[{"taxonomy":"product_brand","embeddable":true,"href":"https:\/\/lavandaspa.com.br\/loja\/wp-json\/wp\/v2\/product_brand?post=4971"},{"taxonomy":"product_cat","embeddable":true,"href":"https:\/\/lavandaspa.com.br\/loja\/wp-json\/wp\/v2\/product_cat?post=4971"},{"taxonomy":"product_tag","embeddable":true,"href":"https:\/\/lavandaspa.com.br\/loja\/wp-json\/wp\/v2\/product_tag?post=4971"}],"curies":[{"name":"wp","href":"https:\/\/api.w.org\/{rel}","templated":true}]}}