{"id":54,"date":"2017-10-22T20:27:32","date_gmt":"2017-10-22T22:27:32","guid":{"rendered":"http:\/\/lavandaspa.com.br\/loja\/?post_type=product&#038;p=54"},"modified":"2025-09-26T15:28:35","modified_gmt":"2025-09-26T18:28:35","slug":"massagem-jet-lag","status":"publish","type":"product","link":"https:\/\/lavandaspa.com.br\/loja\/produto\/massagem-jet-lag\/","title":{"rendered":"Massagem Jet Lag"},"content":{"rendered":"","protected":false},"excerpt":{"rendered":"<p>Essa massagem \u00e9 indicada para quem possui rotinas com as repentinas mudan\u00e7as provocadas por longas viagens.<\/p>\n<p>Tendo por proposta ajustar o nosso rel\u00f3gio biol\u00f3gico, aliviando os sintomas de ins\u00f4nia, irritabilidade, dor de cabe\u00e7a, cansa\u00e7o e n\u00e1useas.<br \/>\nO seu foco \u00e9 proporcionar a descompress\u00e3o com movimentos drenantes, com press\u00f5es media nos p\u00e9s, pernas, lombar e coluna cervical, proporcionando um bem estar corpo e mente.<\/p>\n<p>55 minutos<\/p>\n","protected":false},"featured_media":4065,"comment_status":"open","ping_status":"closed","template":"","meta":{"_exactmetrics_skip_tracking":false,"_exactmetrics_sitenote_active":false,"_exactmetrics_sitenote_note":"","_exactmetrics_sitenote_category":0},"product_brand":[],"product_cat":[19,671],"product_tag":[286,287,285,36,284,288,289],"class_list":{"0":"post-54","1":"product","2":"type-product","3":"status-publish","4":"has-post-thumbnail","6":"product_cat-massagem","7":"product_cat-massagem-massagem","8":"product_tag-dor-na-coluna","9":"product_tag-insonia","10":"product_tag-massagem-apos-viagem","11":"product_tag-massagem-jet-lag","12":"product_tag-massagem-viagem","13":"product_tag-viagem","14":"product_tag-viagem-longa","16":"first","17":"instock","18":"downloadable","19":"virtual","20":"purchasable","21":"product-type-simple"},"_links":{"self":[{"href":"https:\/\/lavandaspa.com.br\/loja\/wp-json\/wp\/v2\/product\/54","targetHints":{"allow":["GET"]}}],"collection":[{"href":"https:\/\/lavandaspa.com.br\/loja\/wp-json\/wp\/v2\/product"}],"about":[{"href":"https:\/\/lavandaspa.com.br\/loja\/wp-json\/wp\/v2\/types\/product"}],"replies":[{"embeddable":true,"href":"https:\/\/lavandaspa.com.br\/loja\/wp-json\/wp\/v2\/comments?post=54"}],"wp:featuredmedia":[{"embeddable":true,"href":"https:\/\/lavandaspa.com.br\/loja\/wp-json\/wp\/v2\/media\/4065"}],"wp:attachment":[{"href":"https:\/\/lavandaspa.com.br\/loja\/wp-json\/wp\/v2\/media?parent=54"}],"wp:term":[{"taxonomy":"product_brand","embeddable":true,"href":"https:\/\/lavandaspa.com.br\/loja\/wp-json\/wp\/v2\/product_brand?post=54"},{"taxonomy":"product_cat","embeddable":true,"href":"https:\/\/lavandaspa.com.br\/loja\/wp-json\/wp\/v2\/product_cat?post=54"},{"taxonomy":"product_tag","embeddable":true,"href":"https:\/\/lavandaspa.com.br\/loja\/wp-json\/wp\/v2\/product_tag?post=54"}],"curies":[{"name":"wp","href":"https:\/\/api.w.org\/{rel}","templated":true}]}}