{"id":70,"date":"2017-10-22T20:37:32","date_gmt":"2017-10-22T22:37:32","guid":{"rendered":"http:\/\/lavandaspa.com.br\/loja\/?post_type=product&#038;p=70"},"modified":"2025-06-10T11:09:01","modified_gmt":"2025-06-10T14:09:01","slug":"massagem-jasmim","status":"publish","type":"product","link":"https:\/\/lavandaspa.com.br\/loja\/produto\/massagem-jasmim\/","title":{"rendered":"Massagem Jasmim"},"content":{"rendered":"","protected":false},"excerpt":{"rendered":"<p>Criada\u00a0exclusivamente para Ela, a\u00a0massagem \u00e9 profundamente relaxante e hidratante<span class=\"m_1280158204271971087m_1858126573922044045m_-8460893494217591659il\"><span class=\"il\">.\u00a0\u00a0Feita com movimentos suaves e profundos, a t\u00e9cnica \u00e9 realizada com \u00f3leo vegetal medicado com \u00f3leo essencial de\u00a0jasmim\u00a0&#8211; que possu\u00ed, entre seus m\u00faltiplos benef\u00edcios, benef\u00edcios espec\u00edficos para a mulher, que v\u00e3o desde al\u00edvio do estado nervoso associado a TPM at\u00e9 auxiliar na hora do parto, atrav\u00e9s do estado de relaxamento proporcionado.<\/span><\/span><\/p>\n<p>60 minutos<\/p>\n","protected":false},"featured_media":4064,"comment_status":"open","ping_status":"closed","template":"","meta":{"_exactmetrics_skip_tracking":false,"_exactmetrics_sitenote_active":false,"_exactmetrics_sitenote_note":"","_exactmetrics_sitenote_category":0},"product_brand":[],"product_cat":[19,44],"product_tag":[253,22,250,251,252],"class_list":{"0":"post-70","1":"product","2":"type-product","3":"status-publish","4":"has-post-thumbnail","6":"product_cat-massagem","7":"product_cat-terapeutica","8":"product_tag-desbloqueio-energetico","9":"product_tag-massagem","10":"product_tag-massagem-energetica","11":"product_tag-massagem-relaxante","12":"product_tag-reequilibrio-energetico","14":"first","15":"instock","16":"downloadable","17":"virtual","18":"purchasable","19":"product-type-simple"},"_links":{"self":[{"href":"https:\/\/lavandaspa.com.br\/loja\/wp-json\/wp\/v2\/product\/70","targetHints":{"allow":["GET"]}}],"collection":[{"href":"https:\/\/lavandaspa.com.br\/loja\/wp-json\/wp\/v2\/product"}],"about":[{"href":"https:\/\/lavandaspa.com.br\/loja\/wp-json\/wp\/v2\/types\/product"}],"replies":[{"embeddable":true,"href":"https:\/\/lavandaspa.com.br\/loja\/wp-json\/wp\/v2\/comments?post=70"}],"wp:featuredmedia":[{"embeddable":true,"href":"https:\/\/lavandaspa.com.br\/loja\/wp-json\/wp\/v2\/media\/4064"}],"wp:attachment":[{"href":"https:\/\/lavandaspa.com.br\/loja\/wp-json\/wp\/v2\/media?parent=70"}],"wp:term":[{"taxonomy":"product_brand","embeddable":true,"href":"https:\/\/lavandaspa.com.br\/loja\/wp-json\/wp\/v2\/product_brand?post=70"},{"taxonomy":"product_cat","embeddable":true,"href":"https:\/\/lavandaspa.com.br\/loja\/wp-json\/wp\/v2\/product_cat?post=70"},{"taxonomy":"product_tag","embeddable":true,"href":"https:\/\/lavandaspa.com.br\/loja\/wp-json\/wp\/v2\/product_tag?post=70"}],"curies":[{"name":"wp","href":"https:\/\/api.w.org\/{rel}","templated":true}]}}